*k**3 + 6*k**2 + 7*k - 5. Is g(-4) composite?
False
Let v be 1/((1/(-32))/(-1)). Suppose -746 + v = 7*z. Let o = 229 + z. Is o composite?
False
Let v = -7029 + 11183. Suppose z + f = 3*z - v, -2*z + 5*f + 4154 = 0. Suppose 7287 = 5*l + z. Is l composite?
True
Is 1197*2778 + (3 - 5 - 2 - 1) prime?
True
Let x(t) = 479378*t + 5453. Is x(7) composite?
True
Let k(w) = 2*w**3 + 90*w**2 - 2*w - 35. Is k(-37) a composite number?
False
Let i be -5*(1 + -2)*1. Suppose -3*o + 253 = -s, i*s + o + o + 1248 = 0. Let t = 553 - s. Is t composite?
True
Suppose 0 = 6*n - 29368 - 13538. Is n a composite number?
False
Suppose -60 = -6*b - 4*b. Suppose -25*h = -29*h + 90916. Suppose -b*c + h = c. Is c prime?
False
Suppose -26*p - 20*p + 87093810 = 44*p. Is p prime?
True
Let v(t) = 1597*t**3 - 401*t**2 + 2*t - 21. Is v(5) prime?
False
Suppose -1743019 + 307579 = -114*d + 13386. Is d prime?
False
Suppose -714817 = 8*y - 19*y + 1067260. Is y a prime number?
True
Let m(j) be the third derivative of -13*j**6/120 + 5*j**5/24 + 13*j**4/24 - 15*j**2. Let a(z) be the second derivative of m(z). Is a(-9) composite?
False
Suppose -88982 = -948*f + 946*f. Is f prime?
True
Let c = -439019 + 759032. Is 6/14 - (-7 - c/63) a prime number?
True
Let i be (-1 + 0)/1*(-21 - -19). Is (-7 + -1650)*(-2)/i prime?
True
Let a be (2/8)/((-10)/(-120)). Let j(n) = n - 1. Let d(s) = 152*s**2 - 6*s + 1. Let h(r) = d(r) + 2*j(r). Is h(a) composite?
True
Let h = -12899 - -26679. Let z = 9939 + h. Is z a composite number?
False
Let m(z) = 61*z**2 + 113*z + 33. Suppose 5*w + x = 68, 0 = -5*w + 2*x + 2*x + 78. Is m(w) a prime number?
False
Let k(p) = -178*p - 1. Suppose 260 = -14*n + 18*n. Suppose 0 = -18*r + 5*r - n. Is k(r) a composite number?
True
Let x(p) = 4097*p + 476. Let g(b) = -820*b - 95. Let r(f) = -11*g(f) - 2*x(f). Is r(10) prime?
True
Let v(o) = -16*o**2 + 16*o - 14. Let w be v(-13). Let j = w - -1638. Let n = j - -1869. Is n a prime number?
False
Let l(m) = -m**3 - 9*m**2 - 10*m - 9. Let a(h) = 2*h**2 - 8. Let g be a(0). Let j be l(g). Suppose 5*x = y - 369, -j*x = 3*y - 2*x - 1147. Is y prime?
True
Is ((-10)/25)/(6*8/(-7144680)) composite?
False
Let j(x) = 0 - 1 + 795*x**3 - 4*x**2 - 796*x**3 - 4*x + 3. Is j(-9) a composite number?
False
Suppose v + 9*v = 118623 + 272747. Is v composite?
True
Let y = 320046 - -166933. Suppose -20*i = 11*i - y. Is i composite?
True
Suppose -3*y - 13 = -244. Let q(d) = 37 + 756*d + 41 - y. Is q(1) a prime number?
True
Let y be ((-2)/(-3) - 1) + 80/24. Is y/(-57) - (-486136)/38 a composite number?
True
Suppose 0 = -3*d - 0*d - 3618. Suppose 0 = 3*m - i + 1380, -8*m + 10*m + 4*i + 934 = 0. Let r = m - d. Is r a prime number?
False
Let g(k) = 521*k**2 - 214*k**2 - 213 - 240*k**2 + 12*k. Is g(10) a composite number?
False
Suppose 6*l - 578 = 574. Suppose 3*q - 18 = -o, 5*q - 2*o = -4 + 45. Suppose -q*v + 305 = -l. Is v a prime number?
True
Suppose 20*h + 33 - 13 = 0. Is ((-13822)/(-4))/h*(-106 - -92) prime?
False
Let n = -95216 + -34336. Is 1/(-3) + (-3)/(54/n) composite?
True
Let u(j) be the second derivative of -2731*j**3/3 + 41*j**2/2 + 102*j. Is u(-3) a prime number?
True
Let a(q) = 33*q**2 - 58*q**2 - 39*q + 35*q**2 + 58. Is a(21) prime?
False
Let z = -669218 + 966595. Is z a prime number?
True
Let g = -342 - -105. Is (g/(-6))/(3/6) prime?
True
Let t be (-340983)/(-27) - (-9)/(-1). Suppose 2*m + 28162 = 4*y, m - t - 1455 = -2*y. Is y a composite number?
False
Suppose n + 268370 = 3*m, -2516*m + 5*n = -2513*m - 268390. Is m composite?
True
Let t(v) = -v**3 + 35*v**2 - 30*v + 43. Suppose -4*z = -2*z, 3*n - 87 = -z. Is t(n) prime?
True
Let y(s) = -10*s**3 + 2*s**2 - 1. Let l be y(1). Suppose -47*q + 6 = -48*q. Is (-8256)/l + 14/q + 2 a composite number?
True
Let o = 210682 + -82313. Is o a prime number?
False
Let h = 896127 - 581356. Is h prime?
True
Let h(m) = m. Let y(v) = -32*v + 29. Let f(u) = 2*h(u) - y(u). Suppose -3*l - 61*j + 56*j = 25, 0 = 2*l + 5*j + 30. Is f(l) a composite number?
True
Let h = 3346309 - 1935506. Is h prime?
True
Suppose 36*p = 2234072 - 145316. Is p composite?
True
Let u be (-39)/5*(-70)/21. Let h(g) = g**3 - 20*g**2 + 7*g - 37. Is h(u) composite?
False
Suppose -w + 7828 = 2*u, -2*w - 11729 = -3*u + 3*w. Let c = 7706 - u. Let h = c - 1688. Is h a composite number?
True
Let f be 0/(-5)*(2 - 3). Is f/(-3) + 77776/16 a composite number?
False
Let h(z) = 2*z**2 + 3*z**2 - 79*z**3 + 71*z**3 - 14 - 14*z + 0*z**2 + 9. Is h(-6) a prime number?
True
Let p = 1 + -6. Let a(j) = -4*j**3 - 6*j**2 + 4*j + 3. Let o be a(p). Is (o + -1)*(-5)/(-20) prime?
True
Let r(w) be the third derivative of -39*w**4/4 + 19*w**3/6 - 61*w**2. Is r(-7) a prime number?
True
Let w be 3 + (-57)/18 + (-631755)/(-54). Let p = 41550 - w. Is p a prime number?
True
Suppose 0 = w + 621 + 20350. Let g = w + 32322. Is g prime?
True
Let u = 2989205 - 1726366. Is u a prime number?
True
Let z(w) = 3*w**2 + 5*w + 4. Let q be z(-3). Let x be 3/(-5) + q/(-40). Is x/3 - ((-4864)/(-3))/(-1) a composite number?
False
Let a be ((-4)/(-26) + (-96)/(-52))/(-2). Is a/(-4 + (2 - (-72724)/36364)) a composite number?
False
Let z = -44 + 37. Let j(f) = -47*f - 6. Let n be j(z). Let u = n - 214. Is u prime?
True
Let v(z) = 1018*z**3 + 15*z + 38. Is v(5) a prime number?
True
Let h(d) = -d**3 + 10*d**2 - 6*d - 22. Let f be h(9). Let b(l) = 2*l**2 - 8*l - 4. Let n be b(f). Suppose -n*x - 1735 = -7*x. Is x a prime number?
False
Suppose 3*i = 4*z - 36, -2*z + 4*i - i + 24 = 0. Let k(x) = 240*x**2 + 191*x**2 + z*x + 9 - 6*x. Is k(4) a composite number?
True
Let m(f) = -5*f + 8. Let y be m(0). Let o(q) = 24*q**2 - 20*q - 15. Is o(y) composite?
False
Suppose 4*d + d - 34 = 3*j, 3*d + 4*j = 3. Suppose 9*a + d = 3*v + 11*a, 2*v - 12 = 3*a. Is 12/v*(2 - 2211/(-12)) a prime number?
False
Suppose 0 = 5*b - 1073 - 642. Suppose -5*t + 2*y + 73 = 0, 3*t = -y - y + 31. Suppose 4*n - t = b. Is n prime?
True
Let a(c) be the third derivative of -c**5/20 + 5*c**4/24 + 1241*c**3/6 - 47*c**2 + 2. Is a(0) composite?
True
Let p = 6555 + -3194. Suppose 16*v + 1999 = 3*u + 11*v, -5*u = -v - p. Is u a prime number?
True
Suppose 23 = -4*u - 53. Let p = -19 - u. Suppose p = o - 21 - 124. Is o a prime number?
False
Let o be 10/85 + 582/(-34) - -6. Let v(p) = 1 - 3 - 348*p - 5. Is v(o) a prime number?
True
Is 3/((-49)/(15507177/(-36))*(-2)/(-40)) composite?
True
Let u be ((-80)/(-15) - 6)/(4/6054). Let i = u + 2055. Let b = i + -633. Is b a composite number?
True
Is 2297*25 + -12 + 16 + -16 a composite number?
False
Let v(f) = -10*f - 76. Let h = -139 - -130. Is v(h) a composite number?
True
Suppose 0 = 5*n + 26*x - 29*x - 622802, 3*n = -4*x + 373687. Is n a composite number?
False
Let u = -76 - -76. Suppose -5*a + 6 + 4 = u. Suppose -4160 = -4*f + a*s, 1 = 4*s - 7. Is f prime?
False
Is (-1)/(-18)*(-68 + 65) + 18529468/24 a composite number?
False
Let j(r) = 17*r**2 + 53*r - 1. Is j(9) a composite number?
True
Let r = 11127 - 3206. Let s = 12118 - r. Is s prime?
False
Is (-590)/(-50)*(-7405)/(-2) - (-66)/44 composite?
False
Let s be 4/6 + 7147/3. Let y(t) = -t**3 - 29*t**2 + 3*t - 78. Let r be y(-28). Let i = r + s. Is i composite?
True
Suppose 10*c - 162 = -12. Suppose -4*l - 50534 = -c*l. Is l composite?
True
Suppose 13*g - 1428340 = 177009 + 902260. Is g a prime number?
False
Is (-180)/(-270)*(21377/2)/(2/6) a composite number?
False
Suppose -182*a + 876986 = -420389 - 9139779. Is a prime?
True
Suppose 4*t = 50 - 38. Let p be t*1/(-6)*-192. Suppose 2*o - p = -2*s - 0*o, -s - 2*o + 43 = 0. Is s a prime number?
True
Suppose 22*k + 36*k + 10034 = 0. Suppose a + 0*a + 258 = 0. Let d = k - a. Is d a composite number?
True
Suppose 4*s + 5*d - 76 = 0, 5*s = 18*d - 15*d + 95. Suppose -423139 = -10*c - s*c. Is c composite?
False
Is 801624/14 + 20/140 a composite number?
False
Suppose -48*t + 93 = -17*t. Is (4/(-12))/(t/(-333)) prime?
True
Let k = 33 + -31. Let o(l) = -3*l + 3 - 9*l + 9*l - 25*l**k + 26*l**2 + 700*l**3. Is o(1) a prime number?
True
Let d(y) = 25066*y**2 + 20*y + 67. Is d(-3) composite?
False
Let x(s) be the first derivative of s**4/12 - s**3/6 + s**2 + 27*s - 34. Let k(g) be the first derivative of x(g). Is k(4) a composite number?
True
Let j(s) = 1121*s**2 - 19*s - 82. Let o be j(-5). Let q = 55645 - o.